z) = z**3 - 16*z**2 + 16*z - 16. Let k be p(15). Let t be k - (3 - (-2 + 3)). Give g(t).
10
Let v = -4 - -7. Let h = v - 7. Let n = -2 - h. Let j(y) = 2*y**2 - 4*y + 2. Determine j(n).
2
Let m(h) = -2*h**2 + 23*h + 3. Let l = 59 + -42. Let w(n) = -n**2 + 8*n + 1. Let u(b) = l*w(b) - 6*m(b). What is u(-1)?
-4
Let r(v) be the first derivative of -2*v**3/3 + 2*v**2 + v - 1. Let j = 40 - 28. Let n be ((-11)/(-22))/(2/j). Give r(n).
-5
Let v(u) = 3*u**2 + 3*u + 2. Let n(s) = -s**2 - 2*s - 1. Let c(g) = -5*n(g) - 2*v(g). Let j(b) = b**2 + 5*b - 1. Let o be j(-6). Determine c(o).
-4
Let s(t) = 3*t + 41. Let b be s(-13). Let w(p) be the first derivative of p + 0*p**b + 1/3*p**3 + 2. Give w(1).
2
Let l(r) be the third derivative of 5*r**4/24 - 5*r**3/6 + 3*r**2. Let f(h) = h - 8. Let u be f(12). Calculate l(u).
15
Let o = -68 + 72. Let n(v) be the first derivative of -1 - 2*v - 3*v**2 + 2*v**2 + 2*v**2. Determine n(o).
6
Let l be ((-1)/(-1))/1 - 7. Let z be (-1 + -20)*1/(-3). Let m(k) = 1 - 1 + z*k + 3 + k**2 - 1. What is m(l)?
-4
Let z(y) = -y**2 + 7*y - 6. Let s be z(5). Let l(b) be the first derivative of -5/2*b**2 - 1 + 1/4*b**s - b**3 + b. Give l(4).
-3
Let a = -16 - -23. Let d(c) = -a*c + c + 10*c + 0*c. What is d(-1)?
-4
Suppose -f - f - 18 = 0. Let p be (-12)/9 + (-3)/f. Let a(j) = 13 - 13 - 3*j. Calculate a(p).
3
Let b(g) = -2*g - 5. Let h be b(-4). Let f(m) = 1 + 0*m**3 + m + 0*m - h*m**3 + 2*m**3. What is f(0)?
1
Let d(h) = 2 - h + 0*h + 0*h + 1. Determine d(4).
-1
Let n(g) = -g**2 + 1. Let c be n(1). Suppose 3 = t, -5*o + 4*t - 6 = 2*t. Let m = o - c. Let w(s) = s**2 + 2. What is w(m)?
2
Let g(c) = -c**3 + 5*c**2 + c - 3. Suppose a - 5 = -h, -h - 15 = -0*h - 3*a. Suppose -5*o + h*o + 25 = 0. Give g(o).
2
Let i(v) = v**2 - 3*v + 6. Let p(l) = l**2 - 4*l + 6. Let k(n) = -2*i(n) + 3*p(n). Let s = -2 - -8. Calculate k(s).
6
Let z(a) = -3*a**2 + 5*a**2 + 6 - a**2 - 5*a + 11*a. Determine z(-4).
-2
Let g(q) be the first derivative of -q**3/3 + 2*q**2 + q + 18. Calculate g(4).
1
Let g(b) be the third derivative of b**5/60 + b**4/4 + b**2. Suppose 14*x = 9*x. Suppose -5*f - 2*v - 15 = x, -6 = 3*v - 21. Calculate g(f).
-5
Let x(r) = 4*r - 1. Suppose -2*w + 2 = -8. Give x(w).
19
Let u(p) = 23*p + 1. Let k(n) = -8*n. Let d(b) = 17*k(b) + 6*u(b). Suppose -4*a + 41 + 39 = 0. Suppose -3*r = 2*r + a. Determine d(r).
-2
Let l be (-1)/3 + 3/9. Let d(c) = c**3 - c**2 + 8. What is d(l)?
8
Let i(f) = 2*f + 1934*f**2 + 10 - 1933*f**2 - 3*f. What is i(0)?
10
Let r(f) = -5*f**3 + f**2 + f - 1. Suppose -3 = 3*k - 9. Let h be (2 - (1 + 3))/k. Let t be (-2)/(-1)*h + 3. Calculate r(t).
-4
Let z(b) = -2*b - 1. Let v be 39/(-13) + (-1 - -1). Give z(v).
5
Suppose -8 = 2*t - 4*t. Let o(p) be the first derivative of -2*p**3/3 + 3*p**2 + 1. Determine o(t).
-8
Suppose 0 = -3*j - 3 + 18. Let k(z) = z**2 - 4*z - 2. What is k(j)?
3
Let q(v) = -v**2 + 3*v + 3. Suppose -3*g + 2*z = 2, 0 = 3*g - 2*g - 3*z - 4. Let f(s) = 3*s + 2. Let t(l) = g*q(l) + 3*f(l). What is t(-2)?
2
Let n(b) = b**3 + 2*b**2 - 1. Let t be 122/14 + (-4)/(-14). Suppose 0 = -4*i + t + 11. Suppose -2*x = 2*m - 1 + i, 2*x = 0. Calculate n(m).
-1
Let g(z) = z. Suppose 0 = 10*m - 11*m + 2. What is g(m)?
2
Let q(g) = 5*g**2 - 11*g. Let b(v) = 9*v**2 - 21*v - 1. Let f(k) = -6*b(k) + 11*q(k). What is f(-7)?
20
Let l = 24 - 23. Let k(y) = 17*y**3 - y**2 + 2*y - 1. Give k(l).
17
Let g(a) = a**3 - a**2 - a + 3. Let n be (-3 - -3)*(1 + 2/(-3)). Calculate g(n).
3
Let x be -4 + -8 + 4 - 1. Let r(v) = v**2 + 9*v - 3. Give r(x).
-3
Let k(t) = 8 - 6 + 3*t + 0 - 4*t. Calculate k(6).
-4
Let p(a) = -11*a**3 + a**2. Suppose 7*s + 4 = 3*s, 3*s = 5*t - 8. Give p(t).
-10
Let a be 28/(-6) + (-1)/3. Let l(v) = -v**2 - 4*v - 2. What is l(a)?
-7
Let b(a) = -15*a - 21. Let j(o) = -7*o - 10. Let v(d) = -6*b(d) + 13*j(d). Suppose 7*g = -73 + 45. What is v(g)?
0
Suppose 0 = 3*s + 3, 5*s + 17 = 2*d. Let z(w) = -2*w - 3*w + d*w + 0*w - 2. Calculate z(4).
2
Let h(y) = -y + 5. Suppose 0 = 8*a - 4*a + 4, 7 = m - 3*a. Calculate h(m).
1
Let v(u) be the third derivative of 0 - 1/24*u**4 + 0*u - 4*u**2 + 5/3*u**3. What is v(5)?
5
Let v(b) be the first derivative of 1/4*b**4 + 1 + b + 2*b**2 - 5/3*b**3. Give v(4).
1
Let z(x) = x**3 - 4*x**2 + x - 2. Let o(j) = j**2 - 4*j - 2. Let k be o(5). Suppose 12 + 6 = k*f. Suppose t - f*t = -20. Calculate z(t).
2
Let k(o) = -o + 3. Let g be k(10). Let j(x) = -x**2 - 6*x - 10. What is j(g)?
-17
Let l(q) = q**3 - 8*q**2 - q - 10. Suppose 5*d - 5*w - 60 = 0, -6*d + 5*w + 44 = -3*d. Determine l(d).
-18
Let n(b) = -b**3 - 9*b**2 - 10*b - 11. Let l be n(-8). Let v(i) = -i**3 + 4*i**2 + 4*i - 6. Determine v(l).
-11
Let q(h) be the third derivative of -h**5/60 + h**4/12 - 10*h**2 + 3. Determine q(1).
1
Suppose 3*o = 4*g + 1, 4*g = -3*o - 2 - 5. Let h(n) = n**2. Let m(u) = u**2 + 1. Let a(l) = g*m(l) + 2*h(l). Determine a(0).
-1
Let w(v) be the first derivative of -v**2 + 3*v - 37. Let a = -81 - -49. Let m be a/(-14) + 4/(-14). What is w(m)?
-1
Suppose 9*r - 19 - 17 = 0. Let d(t) be the third derivative of t**4/24 + 2*t**3/3 - t**2. Give d(r).
8
Suppose 2*h - 3*h = 1. Let x be 5*((-2)/h)/2. Let n(p) = -22 + 20 - 5*p + p**2 + p**3 - 5*p**2. Give n(x).
-2
Let k be (3 + (-22)/6)*18/4. Suppose 9 - 1 = 2*o - u, -3*o = -u - 11. Let c(g) = 1 + g**3 + 3*g**2 + o*g + 0*g + 0*g. Calculate c(k).
-8
Let f = 0 + 1. Suppose -1 = -2*t + f. Let l(a) = 1 - 3*a**3 - a**2 + 2*a**3 + 3*a**2 + t. Give l(2).
2
Let g be 1/1 + 0 + -2. Let o(y) be the first derivative of 3*y**2/2 + y - 72. Give o(g).
-2
Let s(g) = 6*g + 1. Let p(d) = -d**2 - 9*d - 1. Suppose 5*i = 3*i - 18. Let y be p(i). Calculate s(y).
-5
Suppose 4*o - d = -o - 96, -3*o - d = 56. Let s = o - -22. Let y(v) = 5 - 3 + 4*v - 7*v. Calculate y(s).
-7
Let t be 7 - ((-1 - -2) + 1). Suppose -3*s = 4*y - 0 - 16, 3*s = -t*y + 20. Suppose s*q = -4*q - 12. Let x(g) = -g**3 - 4*g**2 - 4*g. Calculate x(q).
3
Suppose 5*f = -4*r + 8, 4*r + 3*f = f + 8. Suppose -o - 4 = -5*o. Let g(z) = z**2 + o - 6*z - r*z + 2*z + 0*z**2. What is g(5)?
-4
Let l = -5 - -8. Let z(v) = -v - 18 - 3*v**l + 2*v**3 + 12. Calculate z(0).
-6
Let n(r) be the third derivative of 1/6*r**3 + 0*r + 2*r**2 + 1/10*r**5 + 0 + 1/120*r**6 + 1/4*r**4. Let z(q) = -q - 1. Let m be z(4). Determine n(m).
-4
Suppose 2*i + i = -9. Let c(m) = -5*m**3 - 2*m**2 - 7*m - 2. Let g(o) = 4*o**3 + o**2 + 6*o + 1. Let r(d) = i*c(d) - 4*g(d). What is r(2)?
-4
Suppose -1 - 5 = 6*a. Let k(l) = -2*l + 1. Give k(a).
3
Let p(m) = 2*m**2 - 5 + 1 + 5*m + 0 - 3*m**2. Let r be (-4*(-10)/4)/(-1). Let v(t) = -t - 6. Let i be v(r). What is p(i)?
0
Let z(x) be the first derivative of x**3/3 + x**2 - x + 13. What is z(-5)?
14
Let l = 12 - 13. Let j(w) = w + 13. Let h(d) = -d**2 - 1. Let c(q) = l*j(q) - h(q). Calculate c(0).
-12
Let x(z) = 3*z - 3. Let n(g) = -8*g + 8. Suppose -5*a = -2*a - u - 9, -5*a + 26 = 2*u. Let m = -8 + a. Let b(t) = m*n(t) - 11*x(t). Determine b(-4).
5
Let g(v) = 6*v - 2*v**3 - 2*v - 4*v**2 + 3*v**3 - 1 - 2*v**3. What is g(-5)?
4
Let r(y) = y**2 - 13*y + 21. Let w be r(10). Let o(h) = -h - 10. Give o(w).
-1
Let u(l) be the second derivative of l**4/12 - 7*l**2/2 + l. Let a(y) = -y**2 + 6. Let s(d) = 6*a(d) + 5*u(d). Let c = -44 - -45. Calculate s(c).
0
Let f(t) = -2*t**3 - t**2 - t + 1. Let n be (-8)/12*-6 - -2. Let q(k) = -2*k + 13. Let w be q(n). Determine f(w).
-3
Let n(p) be the second derivative of 0 - 1/20*p**5 - p**3 - 5*p - 7/12*p**4 - 5/2*p**2. Calculate n(-6).
-5
Let g(l) = 6*l - 5*l - 7 + 0*l. Let n = 138 - 132. Calculate g(n).
-1
Let h(q) = -q**3 + q + 9. Let g(k) = 2*k**2 + 15*k + 18. Let y be g(-6). What is h(y)?
9
Let m(w) = w**3 + 7*w**2 + 6*w - 4. Let i = -17 + 12. Give m(i).
16
Let v(w) = -w + 5. Let j be v(3). Let o(k) = k**2 + 3*k + 0*k**3 + j*k**2 - 9*k**3 - 4 + 8*k**3. Calculate o(4).
-8
Let r be ((4 - 0)/(-4))/1. Let z(a) = 7*a**2 + 0 - 3 + 2 - a. What is z(r)?
7
Suppose -5*x - i + 4*i + 19 = 0, 2*i = 4. Suppose a = 2*a - x*c - 2, 0 = -5*c. Let t(u) be the third derivative of u**6/120 - u**5/20 - 2*u**2. Give t(a).
-4
Let x(r) be the third derivative of -6*r**2 + 0 + 1/24*r**4 - 1/60*r**5 - 3/40*r**6 + 0*r**3 + 0*r. Calculate x(1).
-9
Let p(h) = h**3 - 5*h**2 + 3*h + 4. Suppose -19*a + 16*a + 12 = 0. Calcula